e remainder when 2473 is divided by 73.
64
What is the remainder when 225 is divided by 19?
16
Calculate the remainder when 13915 is divided by 98.
97
Calculate the remainder when 307 is divided by 164.
143
What is the remainder when 268 is divided by 54?
52
What is the remainder when 924 is divided by 880?
44
What is the remainder when 5260 is divided by 1051?
5
What is the remainder when 351 is divided by 44?
43
Calculate the remainder when 172 is divided by 37.
24
Calculate the remainder when 8002 is divided by 12.
10
Calculate the remainder when 2060 is divided by 45.
35
Calculate the remainder when 83 is divided by 33.
17
Calculate the remainder when 13253 is divided by 3308.
21
Calculate the remainder when 46 is divided by 16.
14
Calculate the remainder when 625 is divided by 206.
7
What is the remainder when 43 is divided by 7?
1
What is the remainder when 10063 is divided by 136?
135
What is the remainder when 1294 is divided by 118?
114
What is the remainder when 650 is divided by 108?
2
Calculate the remainder when 201 is divided by 9.
3
What is the remainder when 119 is divided by 32?
23
Calculate the remainder when 8314 is divided by 108.
106
Calculate the remainder when 677 is divided by 166.
13
Calculate the remainder when 63 is divided by 6.
3
Calculate the remainder when 191 is divided by 74.
43
Calculate the remainder when 392 is divided by 21.
14
What is the remainder when 933 is divided by 67?
62
What is the remainder when 306 is divided by 59?
11
What is the remainder when 276 is divided by 95?
86
Calculate the remainder when 105 is divided by 92.
13
What is the remainder when 23 is divided by 14?
9
What is the remainder when 634 is divided by 46?
36
Calculate the remainder when 15371 is divided by 122.
121
Calculate the remainder when 58 is divided by 4.
2
What is the remainder when 12 is divided by 7?
5
What is the remainder when 109547 is divided by 12?
11
What is the remainder when 2233 is divided by 71?
32
Calculate the remainder when 298 is divided by 6.
4
What is the remainder when 254 is divided by 85?
84
What is the remainder when 2637 is divided by 88?
85
What is the remainder when 143 is divided by 5?
3
Calculate the remainder when 25 is divided by 9.
7
What is the remainder when 13 is divided by 12?
1
What is the remainder when 377 is divided by 365?
12
Calculate the remainder when 8963 is divided by 49.
45
Calculate the remainder when 75 is divided by 40.
35
What is the remainder when 200 is divided by 47?
12
Calculate the remainder when 8842 is divided by 61.
58
What is the remainder when 1015 is divided by 393?
229
What is the remainder when 5446 is divided by 12?
10
What is the remainder when 422 is divided by 143?
136
Calculate the remainder when 2016 is divided by 287.
7
What is the remainder when 127 is divided by 43?
41
What is the remainder when 259 is divided by 74?
37
Calculate the remainder when 10203 is divided by 63.
60
What is the remainder when 439 is divided by 122?
73
Calculate the remainder when 3250 is divided by 43.
25
What is the remainder when 290 is divided by 51?
35
What is the remainder when 59 is divided by 16?
11
What is the remainder when 4491 is divided by 145?
141
Calculate the remainder when 59 is divided by 7.
3
Calculate the remainder when 24375 is divided by 239.
236
Calculate the remainder when 3211 is divided by 1069.
4
Calculate the remainder when 7559 is divided by 56.
55
What is the remainder when 304 is divided by 5?
4
What is the remainder when 251 is divided by 32?
27
What is the remainder when 166 is divided by 21?
19
Calculate the remainder when 383 is divided by 66.
53
What is the remainder when 2393 is divided by 69?
47
What is the remainder when 460 is divided by 221?
18
Calculate the remainder when 555 is divided by 70.
65
Calculate the remainder when 72 is divided by 44.
28
Calculate the remainder when 73 is divided by 15.
13
What is the remainder when 401 is divided by 13?
11
Calculate the remainder when 1078 is divided by 60.
58
Calculate the remainder when 478 is divided by 32.
30
What is the remainder when 308 is divided by 94?
26
Calculate the remainder when 94 is divided by 74.
20
Calculate the remainder when 115 is divided by 41.
33
What is the remainder when 240 is divided by 89?
62
Calculate the remainder when 270 is divided by 16.
14
Calculate the remainder when 1472 is divided by 19.
9
What is the remainder when 695 is divided by 17?
15
Calculate the remainder when 275 is divided by 46.
45
Calculate the remainder when 1188 is divided by 120.
108
Calculate the remainder when 804 is divided by 161.
160
Calculate the remainder when 211 is divided by 36.
31
What is the remainder when 1052 is divided by 72?
44
What is the remainder when 184 is divided by 96?
88
Calculate the remainder when 689 is divided by 3.
2
What is the remainder when 139 is divided by 41?
16
What is the remainder when 937 is divided by 14?
13
What is the remainder when 302 is divided by 57?
17
Calculate the remainder when 42962 is divided by 21.
17
What is the remainder when 949 is divided by 14?
11
Calculate the remainder when 66 is divided by 31.
4
What is the remainder when 2629 is divided by 14?
11
Calculate the remainder when 1308 is divided by 73.
67
What is the remainder when 140 is divided by 29?
24
Calculate the remainder when 2464 is divided by 1232.
0
What is the remainder when 350 is divided by 218?
132
What is the remainder when 1226 is divided by 12?
2
What is the remainder when 298 is divided by 43?
40
Calculate the remainder when 514 is divided by 70.
24
What is the remainder when 16399 is divided by 193?
187
What is the remainder when 66 is divided by 14?
10
What is the remainder when 18 is divided by 4?
2
What is the remainder when 217 is divided by 110?
107
What is the remainder when 1215 is divided by 21?
18
Calculate the remainder when 170 is divided by 76.
18
What is the remainder when 263 is divided by 53?
51
Calculate the remainder when 409 is divided by 271.
138
What is the remainder when 304 is divided by 126?
52
Calculate the remainder when 539 is divided by 39.
32
What is the remainder when 2395 is divided by 56?
43
Calculate the remainder when 458 is divided by 115.
113
Calculate the remainder when 1415 is divided by 361.
332
Calculate the remainder when 1075 is divided by 34.
21
What is the remainder when 6656 is divided by 1662?
8
What is the remainder when 7035 is divided by 55?
50
Calculate the remainder when 171 is divided by 6.
3
Calculate the remainder when 55 is divided by 12.
7
What is the remainder when 70 is divided by 25?
20
Calculate the remainder when 168 is divided by 114.
54
Calculate the remainder when 7595 is divided by 6.
5
Calculate the remainder when 45765 is divided by 467.
466
What is the remainder when 582 is divided by 6?
0
What is the remainder when 205 is divided by 152?
53
What is the remainder when 128 is divided by 13?
11
Calculate the remainder when 180 is divided by 18.
0
What is the remainder when 305 is divided by 82?
59
Calculate the remainder when 3708 is divided by 53.
51
Calculate the remainder when 535 is divided by 131.
11
Calculate the remainder when 9544 is divided by 86.
84
Calculate the remainder when 325 is divided by 69.
49
What is the remainder when 565 is divided by 199?
167
Calculate the remainder when 484 is divided by 160.
4
Calculate the remainder when 461 is divided by 22.
21
What is the remainder when 23469 is divided by 479?
477
Calculate the remainder when 123 is divided by 33.
24
Calculate the remainder when 281 is divided by 48.
41
What is the remainder when 1918 is divided by 60?
58
Calculate the remainder when 81 is divided by 29.
23
Calculate the remainder when 6334 is divided by 21.
13
What is the remainder when 26 is divided by 10?
6
Calculate the remainder when 2172 is divided by 271.
4
What is the remainder when 4807 is divided by 15?
7
Calculate the remainder when 1579 is divided by 31.
29
Calculate the remainder when 140 is divided by 9.
5
Calculate the remainder when 38 is divided by 2.
0
What is the remainder when 43 is divided by 11?
10
What is the remainder when 8520 is divided by 315?
15
What is the remainder when 1155 is divided by 182?
63
What is the remainder when 784 is divided